{"id":1266,"date":"2013-09-08T22:44:22","date_gmt":"2013-09-08T22:44:22","guid":{"rendered":"http:\/\/escuelajaponesalp.com\/?page_id=1266"},"modified":"2017-04-07T22:44:43","modified_gmt":"2017-04-07T21:44:43","slug":"japones-cultural-on-line","status":"publish","type":"page","link":"https:\/\/escuelajaponesalp.com\/?page_id=1266","title":{"rendered":"Japon\u00e9s On-Line"},"content":{"rendered":"<p style=\"text-align: justify;\"><a href=\"http:\/\/escuelajaponesalp.com\/wp-content\/uploads\/2013\/08\/JCOL.png\"><img decoding=\"async\" loading=\"lazy\" class=\"alignleft wp-image-1217 size-medium\" src=\"http:\/\/escuelajaponesalp.com\/wp-content\/uploads\/2013\/08\/JCOL-300x176.png\" alt=\"JCOL\" width=\"300\" height=\"176\" srcset=\"https:\/\/escuelajaponesalp.com\/wp-content\/uploads\/2013\/08\/JCOL-300x176.png 300w, https:\/\/escuelajaponesalp.com\/wp-content\/uploads\/2013\/08\/JCOL.png 1010w\" sizes=\"(max-width: 300px) 100vw, 300px\" \/><\/a>El idioma japon\u00e9s, junto a otros idiomas orientales, est\u00e1n reconocidos como muy dif\u00edciles de aprender por su n\u00famero de s\u00edmbolos y caracteres, sin embargo, la simplicidad gramatical comparado con el idioma espa\u00f1ol, reduce la complicaci\u00f3n a un nivel inferior. El hecho de que en el idioma japon\u00e9s se emplean menos de la mitad de las conjugaciones temporales del espa\u00f1ol, facilita el uso del japon\u00e9s sin la preocupaci\u00f3n de fallar en los tiempos verbales.<\/p>\n<p style=\"text-align: justify;\">Alcanzar el nivel de comunicaci\u00f3n de un nativo japon\u00e9s es igual de complicado\u00a0que en cualquier otro idioma, pero &#8220;saber entender&#8221; y &#8220;poder comunicarse&#8221; son retos superables\u00a0dedic\u00e1ndole unas pocas horas de pr\u00e1ctica semanales.<\/p>\n<p style=\"text-align: justify;\">Nuestras clases On-Line, est\u00e1n pensadas para aquellos alumnos que no residen en nuestra ciudad o que no han encontrado horarios compatibles para una educaci\u00f3n presencial y que quieren tener la oportunidad de aprender el idioma japon\u00e9s con un profesor nativo. Nuestras clases de Japon\u00e9s On-Line, se basa en ejercicios pr\u00e1cticos de habla y escucha. Con este sistema facilitamos el progreso en el idioma de una manera m\u00e1s eficaz.<\/p>\n<p style=\"text-align: justify;\">Para solicitar este servicio, por favor ponerse en <a href=\"http:\/\/escuelajaponesalp.com\/?page_id=65\" target=\"_blank\">contacto<\/a> directamente con la Escuela, all\u00ed te informar\u00e1n de los horarios actualmente disponibles.<\/p>\n<p style=\"text-align: justify;\">\n","protected":false},"excerpt":{"rendered":"<p>El idioma japon\u00e9s, junto a otros idiomas orientales, est\u00e1n reconocidos como muy dif\u00edciles de aprender por su n\u00famero de s\u00edmbolos y caracteres, sin embargo, la simplicidad gramatical comparado con el idioma espa\u00f1ol, reduce la complicaci\u00f3n a un nivel inferior. El hecho de que en el idioma japon\u00e9s se emplean menos de la mitad de las [&hellip;]<\/p>\n","protected":false},"author":1,"featured_media":0,"parent":62,"menu_order":0,"comment_status":"closed","ping_status":"closed","template":"","meta":{"_genesis_hide_title":false,"_genesis_hide_breadcrumbs":false,"_genesis_hide_singular_image":false,"_genesis_hide_footer_widgets":false,"_genesis_custom_body_class":"","_genesis_custom_post_class":"","_genesis_layout":""},"_links":{"self":[{"href":"https:\/\/escuelajaponesalp.com\/index.php?rest_route=\/wp\/v2\/pages\/1266"}],"collection":[{"href":"https:\/\/escuelajaponesalp.com\/index.php?rest_route=\/wp\/v2\/pages"}],"about":[{"href":"https:\/\/escuelajaponesalp.com\/index.php?rest_route=\/wp\/v2\/types\/page"}],"author":[{"embeddable":true,"href":"https:\/\/escuelajaponesalp.com\/index.php?rest_route=\/wp\/v2\/users\/1"}],"replies":[{"embeddable":true,"href":"https:\/\/escuelajaponesalp.com\/index.php?rest_route=%2Fwp%2Fv2%2Fcomments&post=1266"}],"version-history":[{"count":9,"href":"https:\/\/escuelajaponesalp.com\/index.php?rest_route=\/wp\/v2\/pages\/1266\/revisions"}],"predecessor-version":[{"id":2390,"href":"https:\/\/escuelajaponesalp.com\/index.php?rest_route=\/wp\/v2\/pages\/1266\/revisions\/2390"}],"up":[{"embeddable":true,"href":"https:\/\/escuelajaponesalp.com\/index.php?rest_route=\/wp\/v2\/pages\/62"}],"wp:attachment":[{"href":"https:\/\/escuelajaponesalp.com\/index.php?rest_route=%2Fwp%2Fv2%2Fmedia&parent=1266"}],"curies":[{"name":"wp","href":"https:\/\/api.w.org\/{rel}","templated":true}]}}