{"id":2562,"date":"2017-10-02T16:56:23","date_gmt":"2017-10-02T15:56:23","guid":{"rendered":"https:\/\/escuelajaponesalp.com\/?page_id=2562"},"modified":"2022-08-30T01:41:59","modified_gmt":"2022-08-30T00:41:59","slug":"renovacion-de-matricula","status":"publish","type":"page","link":"https:\/\/escuelajaponesalp.com\/?page_id=2562","title":{"rendered":"Renovaci\u00f3n de Matr\u00edcula"},"content":{"rendered":"<h3 style=\"text-align: justify;\">CURSOS de IDIOMA JAPON\u00c9S<\/h3>\n<p style=\"text-align: justify;\">Realiza la renovaci\u00f3n de tu plaza en <a href=\"http:\/\/escuelajaponesalp.com\/?page_id=62\" target=\"_blank\" rel=\"noopener noreferrer\">nuestros cursos<\/a> mediante nuestro formulario de renovaci\u00f3n, podr\u00e1s encontrar informaci\u00f3n de los diferentes cursos y horarios en esta web.<\/p>\n<p style=\"text-align: justify;\">Finalizado el plazo de inscripci\u00f3n,\u00a0 nos pondremos en contacto con los alumnos para confirmar la renovaci\u00f3n de sus plazas.<\/p>\n<p>Por favor, lee atentamente las <strong><a href=\"http:\/\/escuelajaponesalp.com\/?page_id=1457\" target=\"_blank\" rel=\"noopener\">INFORMACI\u00d3N DE MATRICULACI\u00d3N<\/a><\/strong> y las <strong><a href=\"http:\/\/escuelajaponesalp.com\/?page_id=2525\" target=\"_blank\" rel=\"noopener\">CONDICIONES DEL CURSO<\/a><\/strong><\/p>\n<p style=\"text-align: justify;\"><strong>FORMULARIO DE RENOVACI\u00d3N: CURSOS<\/strong><\/p>\n<p style=\"text-align: justify;\">Los campos marcados con (*) son obligatorios.<\/p>\n<div role=\"form\" class=\"wpcf7\" id=\"wpcf7-f2564-o1\" lang=\"en-US\" dir=\"ltr\">\n<div class=\"screen-reader-response\"><p role=\"status\" aria-live=\"polite\" aria-atomic=\"true\"><\/p> <ul><\/ul><\/div>\n<form action=\"\/index.php?rest_route=%2Fwp%2Fv2%2Fpages%2F2562#wpcf7-f2564-o1\" method=\"post\" class=\"wpcf7-form init\" novalidate=\"novalidate\" data-status=\"init\">\n<div style=\"display: none;\">\n<input type=\"hidden\" name=\"_wpcf7\" value=\"2564\" \/>\n<input type=\"hidden\" name=\"_wpcf7_version\" value=\"5.6.3\" \/>\n<input type=\"hidden\" name=\"_wpcf7_locale\" value=\"en_US\" \/>\n<input type=\"hidden\" name=\"_wpcf7_unit_tag\" value=\"wpcf7-f2564-o1\" \/>\n<input type=\"hidden\" name=\"_wpcf7_container_post\" value=\"0\" \/>\n<input type=\"hidden\" name=\"_wpcf7_posted_data_hash\" value=\"\" \/>\n<\/div>\n<p><strong>CURSO:<\/strong><br \/>\nSelecciona el Nivel (Recuerda que en el N\u00f4ken el 5 es el nivel m\u00e1s bajo y el 1 el m\u00e1s alto) *<br \/>\n<span class=\"wpcf7-form-control-wrap\" data-name=\"CURSO\"><select name=\"CURSO\" class=\"wpcf7-form-control wpcf7-select wpcf7-validates-as-required\" aria-required=\"true\" aria-invalid=\"false\"><option value=\"\">---<\/option><option value=\"B\u00e1sico\">B\u00e1sico<\/option><option value=\"N\u00f4ken 5\">N\u00f4ken 5<\/option><option value=\"N\u00f4ken 4\">N\u00f4ken 4<\/option><option value=\"N\u00f4ken 3\">N\u00f4ken 3<\/option><option value=\"N\u00f4ken 2\">N\u00f4ken 2<\/option><option value=\"N\u00f4ken 1\">N\u00f4ken 1<\/option><\/select><\/span><br \/>\nSelecciona uno de nuestros Cursos<br \/>\n<span class=\"wpcf7-form-control-wrap\" data-name=\"menu-95\"><select name=\"menu-95\" class=\"wpcf7-form-control wpcf7-select wpcf7-validates-as-required\" aria-required=\"true\" aria-invalid=\"false\"><option value=\"\">---<\/option><option value=\"Sistema &quot;JAM&quot;\">Sistema &quot;JAM&quot;<\/option><option value=\"Clases Individualizadas\">Clases Individualizadas<\/option><option value=\"Japon\u00e9s On-Line\">Japon\u00e9s On-Line<\/option><\/select><\/span><br \/>\n<strong>RESPONSABILIDAD:<\/strong><br \/>\n\u00bfEl alumno es mayor de edad?*<br \/>\n<span class=\"wpcf7-form-control-wrap\" data-name=\"checkbox-373\"><span class=\"wpcf7-form-control wpcf7-checkbox wpcf7-validates-as-required wpcf7-exclusive-checkbox\"><span class=\"wpcf7-list-item first\"><input type=\"checkbox\" name=\"checkbox-373\" value=\"Si\" \/><span class=\"wpcf7-list-item-label\">Si<\/span><\/span><span class=\"wpcf7-list-item last\"><input type=\"checkbox\" name=\"checkbox-373\" value=\"No\" \/><span class=\"wpcf7-list-item-label\">No<\/span><\/span><\/span><\/span><br \/>\nNombre y Apellidos del Padre, Madre o Tutor Legal (Solo en caso de menores)<br \/>\n<span class=\"wpcf7-form-control-wrap\" data-name=\"text-4\"><input type=\"text\" name=\"text-4\" value=\"\" size=\"40\" class=\"wpcf7-form-control wpcf7-text\" aria-invalid=\"false\" \/><\/span><br \/>\nN\u00famero de contacto del Padre, Madre o Tutor Legal<br \/>\n<span class=\"wpcf7-form-control-wrap\" data-name=\"text-774\"><input type=\"text\" name=\"text-774\" value=\"\" size=\"40\" class=\"wpcf7-form-control wpcf7-text\" aria-invalid=\"false\" \/><\/span><br \/>\ne-mail<br \/>\n<span class=\"wpcf7-form-control-wrap\" data-name=\"email-879\"><input type=\"email\" name=\"email-879\" value=\"\" size=\"40\" class=\"wpcf7-form-control wpcf7-text wpcf7-email wpcf7-validates-as-email\" aria-invalid=\"false\" \/><\/span><br \/>\n<strong>DATOS DEL ALUMNO:<\/strong><\/p>\n<p>Nombre del alumno*<br \/>\n<span class=\"wpcf7-form-control-wrap\" data-name=\"your-name\"><input type=\"text\" name=\"your-name\" value=\"\" size=\"40\" class=\"wpcf7-form-control wpcf7-text wpcf7-validates-as-required\" aria-required=\"true\" aria-invalid=\"false\" \/><\/span> <\/p>\n<p>Apellidos del alumno*<br \/>\n<span class=\"wpcf7-form-control-wrap\" data-name=\"Apellidos\"><input type=\"text\" name=\"Apellidos\" value=\"\" size=\"40\" class=\"wpcf7-form-control wpcf7-text wpcf7-validates-as-required\" aria-required=\"true\" aria-invalid=\"false\" \/><\/span><br \/>\nFecha de Nacimiento*<br \/>\n<span class=\"wpcf7-form-control-wrap\" data-name=\"Fecha\"><input type=\"text\" name=\"Fecha\" value=\"\" size=\"40\" class=\"wpcf7-form-control wpcf7-text wpcf7-validates-as-required\" aria-required=\"true\" aria-invalid=\"false\" \/><\/span><br \/>\nDNI\/NIE*<br \/>\n<span class=\"wpcf7-form-control-wrap\" data-name=\"text-902\"><input type=\"text\" name=\"text-902\" value=\"\" size=\"40\" class=\"wpcf7-form-control wpcf7-text wpcf7-validates-as-required\" aria-required=\"true\" aria-invalid=\"false\" \/><\/span><br \/>\nDirecci\u00f3n*(Calle, n\u00famero, bloque, piso...)<br \/>\n<span class=\"wpcf7-form-control-wrap\" data-name=\"Direccion\"><input type=\"text\" name=\"Direccion\" value=\"\" size=\"40\" class=\"wpcf7-form-control wpcf7-text wpcf7-validates-as-required\" aria-required=\"true\" aria-invalid=\"false\" \/><\/span><br \/>\nC\u00f3digo Postal*<br \/>\n<span class=\"wpcf7-form-control-wrap\" data-name=\"CP\"><input type=\"text\" name=\"CP\" value=\"\" size=\"40\" class=\"wpcf7-form-control wpcf7-text wpcf7-validates-as-required\" aria-required=\"true\" aria-invalid=\"false\" \/><\/span><br \/>\nLocalidad*<br \/>\n<span class=\"wpcf7-form-control-wrap\" data-name=\"text-903\"><input type=\"text\" name=\"text-903\" value=\"\" size=\"40\" class=\"wpcf7-form-control wpcf7-text wpcf7-validates-as-required\" aria-required=\"true\" aria-invalid=\"false\" \/><\/span><br \/>\nProvincia*<br \/>\n<span class=\"wpcf7-form-control-wrap\" data-name=\"text-904\"><input type=\"text\" name=\"text-904\" value=\"\" size=\"40\" class=\"wpcf7-form-control wpcf7-text wpcf7-validates-as-required\" aria-required=\"true\" aria-invalid=\"false\" \/><\/span><br \/>\nTel\u00e9fono*<br \/>\n<span class=\"wpcf7-form-control-wrap\" data-name=\"Tlf\"><input type=\"text\" name=\"Tlf\" value=\"\" size=\"40\" class=\"wpcf7-form-control wpcf7-text wpcf7-validates-as-required\" aria-required=\"true\" aria-invalid=\"false\" \/><\/span><\/p>\n<p>Email*<br \/>\n<span class=\"wpcf7-form-control-wrap\" data-name=\"your-email\"><input type=\"email\" name=\"your-email\" value=\"\" size=\"40\" class=\"wpcf7-form-control wpcf7-text wpcf7-email wpcf7-validates-as-required wpcf7-validates-as-email\" aria-required=\"true\" aria-invalid=\"false\" \/><\/span> <\/p>\n<p><strong>ENCUESTA:<\/strong><br \/>\n\u00bfC\u00f3mo nos conoci\u00f3?*<br \/>\n<span class=\"wpcf7-form-control-wrap\" data-name=\"menu-556\"><select name=\"menu-556\" class=\"wpcf7-form-control wpcf7-select wpcf7-validates-as-required\" aria-required=\"true\" aria-invalid=\"false\"><option value=\"A trav\u00e9s de la web\">A trav\u00e9s de la web<\/option><option value=\"Por un amigo\/conocido\">Por un amigo\/conocido<\/option><option value=\"En un folleto publicitario\">En un folleto publicitario<\/option><option value=\"Por un art\u00edculo en prensa o TV\">Por un art\u00edculo en prensa o TV<\/option><option value=\"Otros\">Otros<\/option><\/select><\/span><br \/>\n<strong>SEGURIDAD:<\/strong><br \/>\nCopia este c\u00f3digo:<br \/>\n<input type=\"hidden\" name=\"_wpcf7_captcha_challenge_captcha-169\" value=\"2650400946\" \/><img class=\"wpcf7-form-control wpcf7-captchac wpcf7-captcha-captcha-169\" width=\"84\" height=\"28\" alt=\"captcha\" src=\"https:\/\/escuelajaponesalp.com\/wp-content\/uploads\/wpcf7_captcha\/2650400946.png\" \/><br \/>\n<span class=\"wpcf7-form-control-wrap\" data-name=\"captcha-169\"><input type=\"text\" name=\"captcha-169\" value=\"\" size=\"40\" class=\"wpcf7-form-control wpcf7-captchar\" autocomplete=\"off\" aria-invalid=\"false\" \/><\/span><br \/>\nENV\u00cdO Y APROBACI\u00d3N:<br \/>\nHe le\u00eddo y acepto, las condiciones relacionadas con la matriculaci\u00f3n del curso 2017\/2018<br \/>\n<span class=\"wpcf7-form-control-wrap\" data-name=\"acceptance-276\"><span class=\"wpcf7-form-control wpcf7-acceptance\"><span class=\"wpcf7-list-item\"><input type=\"checkbox\" name=\"acceptance-276\" value=\"1\" aria-invalid=\"false\" \/><\/span><\/span><\/span><\/p>\n<p><input type=\"submit\" value=\"Enviar\" class=\"wpcf7-form-control has-spinner wpcf7-submit\" \/><\/p>\n<div class=\"wpcf7-response-output\" aria-hidden=\"true\"><\/div><\/form><\/div>\n<h3><\/h3>\n","protected":false},"excerpt":{"rendered":"<p>CURSOS de IDIOMA JAPON\u00c9S Realiza la renovaci\u00f3n de tu plaza en nuestros cursos mediante nuestro formulario de renovaci\u00f3n, podr\u00e1s encontrar informaci\u00f3n de los diferentes cursos y horarios en esta web. Finalizado el plazo de inscripci\u00f3n,\u00a0 nos pondremos en contacto con los alumnos para confirmar la renovaci\u00f3n de sus plazas. Por favor, lee atentamente las INFORMACI\u00d3N [&hellip;]<\/p>\n","protected":false},"author":1,"featured_media":0,"parent":0,"menu_order":0,"comment_status":"closed","ping_status":"closed","template":"","meta":{"_genesis_hide_title":false,"_genesis_hide_breadcrumbs":false,"_genesis_hide_singular_image":false,"_genesis_hide_footer_widgets":false,"_genesis_custom_body_class":"","_genesis_custom_post_class":"","_genesis_layout":""},"_links":{"self":[{"href":"https:\/\/escuelajaponesalp.com\/index.php?rest_route=\/wp\/v2\/pages\/2562"}],"collection":[{"href":"https:\/\/escuelajaponesalp.com\/index.php?rest_route=\/wp\/v2\/pages"}],"about":[{"href":"https:\/\/escuelajaponesalp.com\/index.php?rest_route=\/wp\/v2\/types\/page"}],"author":[{"embeddable":true,"href":"https:\/\/escuelajaponesalp.com\/index.php?rest_route=\/wp\/v2\/users\/1"}],"replies":[{"embeddable":true,"href":"https:\/\/escuelajaponesalp.com\/index.php?rest_route=%2Fwp%2Fv2%2Fcomments&post=2562"}],"version-history":[{"count":7,"href":"https:\/\/escuelajaponesalp.com\/index.php?rest_route=\/wp\/v2\/pages\/2562\/revisions"}],"predecessor-version":[{"id":2822,"href":"https:\/\/escuelajaponesalp.com\/index.php?rest_route=\/wp\/v2\/pages\/2562\/revisions\/2822"}],"wp:attachment":[{"href":"https:\/\/escuelajaponesalp.com\/index.php?rest_route=%2Fwp%2Fv2%2Fmedia&parent=2562"}],"curies":[{"name":"wp","href":"https:\/\/api.w.org\/{rel}","templated":true}]}}