{"id":550,"date":"2012-03-10T20:28:08","date_gmt":"2012-03-10T20:28:08","guid":{"rendered":"http:\/\/escuelajaponesalp.com\/?page_id=550"},"modified":"2013-09-01T12:08:18","modified_gmt":"2013-09-01T12:08:18","slug":"links","status":"publish","type":"page","link":"https:\/\/escuelajaponesalp.com\/?page_id=550","title":{"rendered":"Links"},"content":{"rendered":"<h3>Representaci\u00f3n Diplom\u00e1tica<\/h3>\n<div><strong><a href=\"http:\/\/www.es.emb-japan.go.jp\/embajada\/embajada_ubicacion_laspalmas.html\" target=\"_blank\">Consulado del Jap\u00f3n en Las Palmas de Gran Canaria<\/a><\/strong><\/div>\n<div>Calle Santiago Rusi\u00f1ol, 12 &#8211; 35005 Las <em>Palmas<\/em> de Gran Canaria.<\/div>\n<div>Tel\u00e9fono: +(34) 928-244-012<\/div>\n<h3>Idioma<\/h3>\n<div><strong><a href=\"http:\/\/escuelajaponesalp.com\/\" target=\"_blank\">Escuela Complementaria Japonesa<\/a><\/strong><\/div>\n<div>C.\/ Eduardo Benot, 52 2\u00ba-1, 34010 Las Palmas de Gran Canaria.<\/div>\n<div>Tel\u00e9fono: 928 223 521<\/div>\n<h3>Restaurantes<\/h3>\n<div><a href=\"http:\/\/www.restaurantefuji.es\/\" target=\"_blank\"><strong>Fuji<\/strong><br \/>\n<\/a>C.\/ Fernando Guanarteme, 56 , 35010 , Las Palmas de Gran Canaria.<br \/>\n<a href=\"http:\/\/www.benkei.es\/\" target=\"_blank\"><strong>Benkei<\/strong><br \/>\n<\/a>C.\/ Rafael Almeida, 34 , 35007 , Las Palmas de Gran Canaria.<br \/>\n<a href=\"http:\/\/www.restaurantekyotolaspalmas.com\/\" target=\"_blank\"><strong>Kyoto<\/strong><br \/>\n<\/a>Calle Barcelona, 13, 35006, Las Palmas de Gran Canaria.<br \/>\n<strong>Shintori Sushibar<\/strong><br \/>\nC.\/ Le\u00f3n y Castillo, 47, 35003, Las Palmas de Gran Canaria.<br \/>\n<strong>Zen<\/strong><br \/>\nC.\/ Venegas, 4-6 , 35003 , Las Palmas de Gran Canaria.<br \/>\n<strong>Ginza<\/strong><br \/>\nC.\/ Nicol\u00e1s Est\u00e9vanez, 52 , 35007 , Las Palmas de Gran Canaria.<br \/>\n<strong>Samurai<\/strong><br \/>\nI.-  Av. Pintor Felo Monz\u00f3n,33 ,35019, Las Palmas de Gran Canaria.<br \/>\nII.- C.\/ Bernardo de la Torre, 108 , 35007 , Las Palmas de Gran Canaria.<br \/>\n<a href=\"http:\/\/www.sakura-grancanaria.com\/\"><strong>Sakura<\/strong><br \/>\n<\/a>I.- C.\/ Nestor De La Torre 29 , 35006 , Las Palmas de Gran Canaria.<br \/>\nII.- C.\/ Olof Palme, 33 , 35010, Las Palmas de Gran Canaria.<br \/>\nIV.- C.\/ Pilarillo Seco, 5 , 35001 , Las Palmas de Gran Canarias.<\/div>\n<div><strong><a href=\"https:\/\/www.facebook.com\/pages\/AKA-Fresco\/218962411458392\" target=\"_blank\">A KA Fresco<\/a><\/strong><\/div>\n<div>C.\/ Isla de cuba, 24, 35oo7, Las Palmas de Gran Canaria.<br \/>\n<strong><a href=\"http:\/\/makettosushi.com\/\">Maketto<br \/>\n<\/a><\/strong><a href=\"http:\/\/makettosushi.com\/\"><\/a>Mercado del puerto de la luz<strong> <\/strong><\/div>\n<h3>Asociaciones Culturales Japonesas<\/h3>\n<p><strong>Asociaci\u00f3n Cultural &#8220;DENTOU&#8221;<\/strong><br \/>\nC.\/ Eduardo Benot, 52 2\u00ba-1, 34010 Las Palmas de Gran Canaria.<br \/>\nTel\u00e9fono: 928 223 521<\/p>\n","protected":false},"excerpt":{"rendered":"<p>Representaci\u00f3n Diplom\u00e1tica Consulado del Jap\u00f3n en Las Palmas de Gran Canaria Calle Santiago Rusi\u00f1ol, 12 &#8211; 35005 Las Palmas de Gran Canaria. Tel\u00e9fono: +(34) 928-244-012 Idioma Escuela Complementaria Japonesa C.\/ Eduardo Benot, 52 2\u00ba-1, 34010 Las Palmas de Gran Canaria. Tel\u00e9fono: 928 223 521 Restaurantes Fuji C.\/ Fernando Guanarteme, 56 , 35010 , Las Palmas [&hellip;]<\/p>\n","protected":false},"author":1,"featured_media":0,"parent":0,"menu_order":5,"comment_status":"closed","ping_status":"closed","template":"","meta":{"_genesis_hide_title":false,"_genesis_hide_breadcrumbs":false,"_genesis_hide_singular_image":false,"_genesis_hide_footer_widgets":false,"_genesis_custom_body_class":"","_genesis_custom_post_class":"","_genesis_layout":""},"_links":{"self":[{"href":"https:\/\/escuelajaponesalp.com\/index.php?rest_route=\/wp\/v2\/pages\/550"}],"collection":[{"href":"https:\/\/escuelajaponesalp.com\/index.php?rest_route=\/wp\/v2\/pages"}],"about":[{"href":"https:\/\/escuelajaponesalp.com\/index.php?rest_route=\/wp\/v2\/types\/page"}],"author":[{"embeddable":true,"href":"https:\/\/escuelajaponesalp.com\/index.php?rest_route=\/wp\/v2\/users\/1"}],"replies":[{"embeddable":true,"href":"https:\/\/escuelajaponesalp.com\/index.php?rest_route=%2Fwp%2Fv2%2Fcomments&post=550"}],"version-history":[{"count":44,"href":"https:\/\/escuelajaponesalp.com\/index.php?rest_route=\/wp\/v2\/pages\/550\/revisions"}],"predecessor-version":[{"id":552,"href":"https:\/\/escuelajaponesalp.com\/index.php?rest_route=\/wp\/v2\/pages\/550\/revisions\/552"}],"wp:attachment":[{"href":"https:\/\/escuelajaponesalp.com\/index.php?rest_route=%2Fwp%2Fv2%2Fmedia&parent=550"}],"curies":[{"name":"wp","href":"https:\/\/api.w.org\/{rel}","templated":true}]}}